+ 55. Let g be z(-23). Suppose 2*b - 6*b + 3*w + 29 = 0, 3*b = -2*w + g. Let j(y) = 2*y**2 - 7. Give j(b).
43
Let w(g) be the first derivative of -g**2/2 - 15*g - 42. Let z be w(-19). Let v(n) = -n**2 + 3*n + 5. What is v(z)?
1
Let b(t) be the third derivative of 0 + 0*t**4 + 0*t - 1/3*t**3 + 1/30*t**5 - 1/60*t**6 + 76*t**2. Calculate b(2).
-10
Suppose -2*a = k - 3, 3*k + 776 - 769 = 2*a. Let t(r) = -11*r**2 + 2*r + 1. Calculate t(k).
-12
Let s(m) = 663*m + m**3 - 700*m**2 - 5 + 690*m**2 - 639*m. Determine s(3).
4
Let h(s) = -3*s - 29. Suppose 80 = t + t - b, -16 = -4*b. Suppose 2*z + t = -3*c, 2*c - 2*z = -13 - 5. Calculate h(c).
7
Let d(v) be the third derivative of 26*v**2 + 0*v**3 + 1/360*v**6 + 3/40*v**5 + 0 - 7/6*v**4 + 0*v. Let c(s) be the second derivative of d(s). Calculate c(-8).
-7
Suppose 0 = -5*q - 130 + 115, 0 = 5*n + q - 7. Let z be (2/(-6))/((-3)/63). Let h(k) = -5*k + n - z + k**2 + 4 - 4. Calculate h(5).
-5
Let w = -227 + 229. Let s(r) = 8 + 2 - 5 + 0 + r**3 + 9*r**2 - 3*r**w + 4*r. Give s(-5).
10
Let q(w) = w**2 - w - 2. Suppose -13*y - 17 = -43. Suppose -12*m = -13*m + y. Suppose 2*u + 4 = 4*k - 0, k - 2*u + m = 0. Determine q(k).
0
Suppose 0 = -2*j + 3*j - 46. Let f = j + -37. Let a(u) be the first derivative of u**3/3 - 4*u**2 - 5*u - 1. Determine a(f).
4
Suppose -2*c = 3*i - 17, i - 3*c = 4 - 2. Suppose 2*n - 26 = 3*l, 14*n + 5*l + 60 = 19*n. Suppose -v + i - n = 0. Let r(z) = 2*z**2 + 7*z - 2. What is r(v)?
13
Let r = 144 - -166. Let k = 305 - r. Let h(n) = -2*n. Give h(k).
10
Let n be (-2)/4*(-163 + 141). Let j(t) = -13*t**2 - 18*t + 12. Let s(c) = -11*c**2 - 17*c + 11. Let v(w) = -6*j(w) + 7*s(w). What is v(n)?
5
Let c be (-6)/(-2) - (-30 - -26). Let w(v) = v**3 - 9*v**2 + 9*v - 8. What is w(c)?
-43
Let v be ((392/70)/(-7))/(8/(-30)). Let x(u) = u**3 - 2*u**2 - 2*u - 5. What is x(v)?
-2
Suppose 66*f = 62*f - 3*g + 40, -2*g = -4*f. Let n(c) = -4*c + c**2 - 3 - 1 + 0*c**2. Let o(m) = -m. Let x(t) = -n(t) - o(t). What is x(f)?
8
Let r(i) be the second derivative of -i**3/6 - 35*i**2/2 - 59*i + 4. Calculate r(-24).
-11
Let d(w) = 9*w - 8. Let r(i) = 13*i - 10. Let b(x) = -x. Let z(f) = -2*b(f) - r(f). Let y(j) = 5*d(j) + 4*z(j). Determine y(2).
2
Suppose 0 = 8*k - 7*k + 5*j - 1, 2*k + 4*j - 2 = 0. Let b(v) = -27*v**3 + v**2 - v - 1. Calculate b(k).
-28
Let b(g) = 3*g - 28. Let u be b(10). Suppose 0*s + 1 = 2*s + 5*r, 0 = s + u*r - 1. Let v(h) = 7 + h**2 + 3 - 2*h**2 - 13 - s*h. Give v(-2).
-1
Suppose u - 4*u + 432 = 3*w, -134 = -w + u. Let r = w + -132. Let k(m) = m**2 - 9*m + 2. Give k(r).
-12
Suppose 0 = -3*s + q, -21*s = -23*s + q - 4*q. Let f(m) = -4*m + 56. What is f(s)?
56
Let v be 1 + 1 + -7 + 8. Suppose 0 = -v*g - 4*x + 10, -8*g + 7*g = 4*x - 6. Let q(s) = -s**2 + 7*s - 2. Give q(g).
8
Suppose -5 = 3*x - 2. Let j(k) = -1 + 5 + 2 - 27*k + 5 - 10. Calculate j(x).
28
Let s(x) = -10*x**2 + x. Let v(n) = -n**3 - 21*n**2 - 22*n - 35. Let w be v(-20). Suppose w*k + 1 + 10 = 3*u, 0 = u - 2. What is s(k)?
-11
Suppose h = 3*s, -h + 19 = 4*s + 5. Let w be (-72)/h + (4 - 2). Let z(c) = c + 6. Determine z(w).
-4
Let v(y) = -y + 29. Let d(m) = -10*m**2 + 400*m + 12. Let g be d(40). Give v(g).
17
Let p(a) = 1339*a + 5381. Let f be p(-4). Let l(d) = 5*d - 126. Give l(f).
-1
Let o(t) = -5*t**2 - 50*t + 2. Let l(w) = -3*w**2 - 49*w + 1. Let a(c) = -5*l(c) + 4*o(c). Calculate a(9).
3
Let h(a) = -5 + a**3 - 5*a**2 + a + 3*a**3 - 3*a**3. Suppose -663*n = -2587 - 65. Determine h(n).
-17
Let k(z) = -4*z**3 + 13*z**2 + z - 5. Let u(a) = -5*a**3 + 14*a**2 + 3*a - 4. Let r(g) = -6*k(g) + 5*u(g). Determine r(-9).
10
Let f(i) = -i. Let j(a) = 3*a - 7. Let o = -77 - -73. Let c(u) = o*f(u) - j(u). Let k(r) = -4*r + 1. Let z be k(-1). Calculate c(z).
12
Let x(k) = 119962 + 4*k**2 - 3*k**2 - 119977 + 2*k**2 + 12*k. Determine x(2).
21
Let k(b) = 0 + 14 - 86*b + 0*b + 87*b. Give k(3).
17
Let s = -35 - -35. Suppose 4*z - 8*z - 16 = s. Let m(i) = -5*i - 4. Let f(p) = 16*p + 12. Let b(d) = 3*f(d) + 10*m(d). What is b(z)?
4
Let g(x) = -1 + 0 + 6 - 6 + 283*x - 278*x. Determine g(2).
9
Let i(k) = -k**3 + 12*k**2 - 21*k + 4. Let s be ((-4)/8)/((-27)/552) + 6/(-27). Give i(s).
-6
Let z(x) = -x**3 - 9*x**2 - 20*x + 2. Let v = 13446 - 13450. Calculate z(v).
2
Let f(m) = -3*m - 3. Let y(k) = -2*k**2 - 31*k - 34. Let g(r) = 5*f(r) - y(r). What is g(-7)?
5
Let h(z) = 397*z + 97 + 416*z + 413*z + 396*z - 1603*z. Give h(-5).
2
Let n(o) = o**2 - 7*o. Let w be (8/48 + (-8)/(-6))/(3/20). Determine n(w).
30
Let v(w) = -w**2 - 2*w + 25. Suppose -9*n - 205 = -259. Let i be 1*(n + 52/(-4)) - -1. Give v(i).
1
Let s(r) = -r**3 + 5*r**2 + 3 - 2 + 2 + 8*r + 0. Suppose -2*t = -3*a + 8, 5*a - 35 = -0*t - t. Determine s(a).
15
Let o(y) be the second derivative of y**5/20 + 7*y**4/6 - 17*y**3/3 - 35*y**2/2 - 3120*y. Calculate o(-16).
-3
Let t(d) = -38*d + 3077. Let m be t(81). Let x(j) = 7*j + 11. What is x(m)?
4
Let b(n) be the third derivative of n**5/60 - n**4 + 64*n**3/3 + 3*n**2 + 360. Give b(16).
0
Suppose -3*r - 21*g + 16*g - 17 = 0, r + 3*g + 3 = 0. Let d(i) = -3*i - 15. Determine d(r).
12
Let v = 3329 - 3328. Let m(z) = 40*z**2 - 2*z + 1. Determine m(v).
39
Let d(f) be the first derivative of -1/4*f**4 - 7*f - 3/2*f**2 - 209 + 2*f**3. Determine d(6).
-25
Let c(m) be the first derivative of -8 - m**2 - 26*m - 1/2*m**3. Let n(t) be the first derivative of c(t). Give n(-2).
4
Let q(c) = 6 - c - c + 4*c - 3*c**2. Let x(g) = -5*g - 80*g**2 + 21*g**2 + 27*g**2 + 21*g**2 - 17 + 19*g**2. Let u(m) = 11*q(m) + 4*x(m). Give u(2).
-2
Let h be (0 - (-1 - -4)) + 40. Let k(y) = -42*y**3 + 3*y**2 + 3*y + 1. Let p be k(-1). Let f = p - h. Let z(a) = a**3 - 5*a**2 - 7*a. What is z(f)?
-6
Suppose 36*q = -50*q + 344. Let z(m) = m**3 - 4*m**2 - 4*m + 9. Give z(q).
-7
Let l(m) be the third derivative of -m**6/120 - 7*m**5/20 - 3*m**4/4 + 49*m**3/6 - 1251*m**2. What is l(-20)?
9
Let c = 245 - 135. Suppose -c = -27*r + 49*r. Let h(j) = -j**3 - 5*j**2 + j + 1. Calculate h(r).
-4
Let s = 54 + -50. Let c(y) = 0*y**2 + s*y**2 + 5*y + y**2 - 4*y**2 + 1 + 0. Give c(-7).
15
Let q(b) = -2 + 503*b**3 + 0*b + b - 512*b**3 + 3*b**2 + 4*b - 7*b. What is q(-2)?
86
Let x be 25 + (1 - (7 + 2)). Let n(g) = 26 - 9*g - 8 - x. Give n(-1).
10
Let o(k) be the first derivative of -k**5/60 + k**4/4 - 12*k**3 - 52. Let t(n) be the third derivative of o(n). What is t(9)?
-12
Suppose -4*f + 5*t - 47 = 0, 0 = -2*f + 3*t - 34 + 9. Let o(a) = -a**3 - 11*a**2 - 21*a + 21. What is o(f)?
-3
Let m = -238 + 233. Let n(x) be the third derivative of -x**4/6 - 5*x**3/6 + 11*x**2. Let q(y) = -3*y - 5. Let p(f) = 2*n(f) - 3*q(f). Calculate p(m).
0
Let z(s) = s**2 - 4. Let f(q) = -3*q**2 + 9. Let g(t) = 2*f(t) + 5*z(t). Let v = -349 + 355. Suppose 0 = 5*a - 9 - v. What is g(a)?
-11
Let f(n) = 6 - 7 + 195*n + 194*n - 390*n. Let g(x) = -x + 2*x - 9 + 3*x. Let q(j) = 3*f(j) + g(j). Determine q(7).
-5
Let a(f) = -f**2 - 3*f + 9. Let p(i) = 5*i**2 + 15*i - 46. Let c(u) = 11*a(u) + 2*p(u). Suppose 0 = -k - 1322 + 1394. Let n be k/27*(-45)/20. Give c(n).
-11
Let m(t) = -3166*t**2 - 3157*t**2 + 6322*t**2 - 6*t + 1. Determine m(-3).
10
Suppose -3*b = -3 - 15. Let s be (-6 + 100/15)/(1/b). Suppose 5*f + 46 = -k, s*f = 10*k - 7*k - 33. Let l(m) = m**2 + 9*m - 5. Calculate l(f).
-5
Let i(s) = -2*s + 2. Let v be i(3). Let w(j) = 3211801*j - j**2 + 2 - 2 + 0*j**2 - 1605896*j - 1605900*j. Determine w(v).
-36
Let a(c) be the third derivative of c**7/5040 + c**6/90 + 67*c**5/60 - c**2 - 46. Let d(x) be the third derivative of a(x). What is d(-10)?
-2
Let s(o) = -2 + 103 - 17 + 18*o - 27*o**2 - 6 + 134 + o**3. Let u be s(26). Let v(l) = l**3 - 6*l**2 + 5*l + 5. Calculate v(u).
-7
Let a be ((-6)/(-4))/((-120)/320). Let j(r) = 1. Let d(o) = -o + 11. Let h(u) = a*j(u) + d(u). Determine h(-3).
10
Let d = 6 + -6. Suppose d = 12*o - 10*o - 20. Let z be (-6 + 1)*o/25. Let a(m) = -4*m - 2. What is a(z)?
6
Let c(l) be the first derivative of -l**3 - l**2 + l - 1590. Give c(2).
-15
Let b(a) = -3*a**3 - 14*a**2 + 62*a - 20. Let f(u) = -5*u**3 - 29*u**2 + 120*u - 38. Let j(g) = -7*b(g) + 4*f(g). Give j(15).
3
Let y(x) = 0*x - x + 5 + 4*x. Let v(d) = -2*d**2 - 48*d + 48. Let w = 144 + -169. Let t be v(w). Give y(t).
-1
Let r be -29 - 3/((-66)/4840*10). Let